*m + 86*m. What is the greatest common divisor of 124 and m?
124
Suppose -205 = -6*z + 4*z + l, -2*z - 5*l = -235. Suppose 3*k + 0*t = 5*t + 205, 5*t = 2*k - 145. What is the highest common divisor of k and z?
15
Suppose -7102*y + 7094*y + 1144 = 0. Calculate the highest common factor of y and 169.
13
Let f(i) = 92*i - 624. Let s be f(8). Calculate the greatest common divisor of 952 and s.
56
Let q be (1127 - (-11)/(-22 + 11))*2/4. Calculate the highest common factor of 2 and q.
1
Let f = -1069 + 669. Let h be (26/(-8))/(20/f). Suppose -5*w + 38 + 92 = 0. Calculate the highest common divisor of h and w.
13
Let j(q) = q**3 - 3*q**2 - 23*q + 72. Let a be j(4). Let i be 10/(-40) - 65/a. Let g = 2 - 1. What is the highest common factor of i and g?
1
Let p(x) = -5*x**2 - 79*x - 21. Let t be p(-4). What is the highest common factor of t and 75?
5
Suppose -5*h + 36 = -23*h. Let t be (((-27)/h)/(-9))/((-3)/4). What is the highest common divisor of 10 and t?
2
Let a = 7 + 1. Let p(l) = -60*l + 166. Let r be p(-6). Suppose 512*v + 84 = r*v. Calculate the greatest common divisor of a and v.
2
Suppose 4*m = -7*p + 10*p - 35, 4*p = 5*m + 45. Suppose 12*v - p*v = 259. What is the greatest common factor of v and 407?
37
Let a(k) = 2*k**3 - 31*k**2 + 83*k + 26. Let b be a(12). Let x(v) = 20*v**2 + 2. Let p be x(-4). What is the greatest common divisor of p and b?
14
Suppose -188*n + 191*n + s = 711, 3*n = -4*s + 702. Calculate the highest common factor of n and 68.
34
Let j be 146/8 - 6/24. Suppose k + 6*g - 71 = 118, -756 = -4*k - g. What is the greatest common factor of k and j?
9
Let w(d) = -5*d - 2. Let s be w(8). Suppose 15*y + 65 = -g + 20*y, -3*g - 237 = -y. Let r = s - g. Calculate the greatest common factor of r and 95.
19
Suppose 0 = 17*t - 12*t + 2405. Let a = t + 503. What is the greatest common divisor of 594 and a?
22
Let h be (-1 + 519/(-6))*(6 - (-644)/(-98)). Calculate the greatest common factor of 1800 and h.
50
Let z(n) = 8*n**3 + n**2 - 3*n + 1. Let k be z(1). Let t(f) = f**2 + 41*f + 383. Let h be t(-29). Calculate the greatest common factor of k and h.
7
Let t = 19 - 18. Suppose 4*z - t - 55 = 0. Let d be (-10)/(-35) - (-262)/z. Calculate the greatest common divisor of 38 and d.
19
Let o be 9 + -11 - (-1 - 60). What is the highest common divisor of 59 and o?
59
Let r be 4/2*1*(-264)/(-3). Suppose -4*i + r = 5*h - 30, 5*h - 214 = 4*i. What is the greatest common divisor of h and 28?
14
Let k(r) = r**2 - 33*r + 2. Let f be (-16)/(1/(-2)*2). Let j be k(f). Let b be j/9*(14/(-6) + 2). What is the greatest common factor of b and 90?
10
Let a be 31/(31/9) + (-2296)/(-2). What is the highest common divisor of 39 and a?
13
Let i(t) = -t**3 + t**2 - 7*t - 32. Let m be i(-5). Calculate the greatest common divisor of m and 51.
51
Suppose 4*n + 11*w - 14*w = 84, 3*n - 63 = -5*w. What is the highest common factor of n and 1407?
21
Suppose -134*a + 131*a = -24. Suppose -86 = -a*d - 78. What is the highest common factor of d and 9?
1
Let f(n) = n**2 - 4*n + 1. Let g be f(1). Let c be -3*g*3/6. Suppose -4*r + c*r + 9 = -2*x, -21 = -4*r + 3*x. What is the highest common factor of 33 and r?
3
Suppose 0 = -17*d + 3108 + 2541 - 396. What is the greatest common divisor of d and 12?
3
Suppose 3*d - 23 - 13 = 0. Let x be 64/14 + -5 - (65904/(-28))/4. Calculate the greatest common divisor of x and d.
12
Let x(c) = -c**2 + 5*c + 2638 - c**3 + 0*c**2 - 2620. Let f be x(-3). What is the highest common factor of f and 70?
7
Let c be (16/40*45)/(1/59). Calculate the greatest common divisor of c and 236.
118
Let b = 692 + -673. Suppose 14*n - b*n + 350 = 0. Calculate the highest common factor of n and 112.
14
Suppose 101*h - 7884 = 83*h. What is the greatest common divisor of h and 6?
6
Let f(p) = -8*p. Let m = 63 - 24. Suppose -t - 50 = -m. Let k be f(t). Calculate the greatest common divisor of 11 and k.
11
Let c be (-2)/(-10) - 349/(-5). Suppose -3*p - 367 = -5*y, -38 = -5*y - 13. Let r = -86 - p. What is the highest common divisor of r and c?
14
Let h be 10/6 - (-3)/9. Suppose -p + 4*p = -4*y - 19, -4 = 4*p. Let c be 2*((-25)/20)/(1/y). What is the greatest common factor of c and h?
2
Let c be 7*((-4300)/(-140) - 26). Suppose -3*b = -0*b - 1287. What is the greatest common factor of b and c?
33
Suppose 48*n + 187*n - 270810 = -20*n. Calculate the greatest common divisor of 234 and n.
18
Let a(n) be the third derivative of 23*n**5/60 + 23*n**3/6 - 159*n**2. Let b be a(3). What is the highest common divisor of 40 and b?
10
Suppose -517 = -3*y - 4*a, 218 - 39 = y - 2*a. Let g = -136 + y. What is the highest common factor of 325 and g?
13
Let w be (-5)/(-25) + 14/5. Suppose 3*v = -w*s + 6, -10 = v - 3*v + 4*s. Let h be 0 - v - 0 - -45. What is the highest common factor of 28 and h?
14
Suppose -3 = 25*j - 53. Let b be ((-10)/25)/(j + (-804)/400). Suppose -2*y + 196 = w - y, -5*y - 420 = -2*w. What is the greatest common factor of b and w?
40
Let x = -277 + 758. Suppose -10*r = -x - 439. What is the greatest common divisor of r and 23?
23
Suppose 13*p + 5*t - 11 = 17*p, -3*t + 13 = 4*p. Let r be 38 + (9/(-3) - (2 - p)). Calculate the greatest common divisor of 2 and r.
2
Suppose -3*o - 5*j + 277 = 0, 3*j = 4*o - 74 - 247. What is the greatest common divisor of 1428 and o?
84
Let g = -619 - -623. Let o be (-6 - -5 - -95)*30/g. What is the highest common factor of o and 30?
15
Let g = -331 - -338. Suppose -150 = -8*h - g*h. What is the greatest common factor of 50 and h?
10
Let s be (-465)/2 - (-21)/(-42). Let a = s + 563. Let k be (-30)/(-195) + 388/13. What is the highest common factor of k and a?
30
Let j be 15*-1 - (-161 + -6604). Calculate the highest common divisor of j and 300.
150
Let r = -3744 - -3805. Calculate the highest common factor of r and 1.
1
Let n(c) = 22*c - 118. Let w be n(11). Suppose 3*z - 7*z = -w. Calculate the highest common factor of 31 and z.
31
Suppose -146 = -3*s + 2*r, 141 = 3*s + 2*r + r. Let i(y) = y - 16. Let g be i(27). Suppose -g = 5*j - 41. What is the highest common factor of j and s?
6
Let g(q) = -3*q + 27 - 2*q + 8*q. Let i be g(-8). Suppose t - i = 3*d + 3*t, -5*t = d + 14. What is the greatest common divisor of 3 and d?
1
Suppose 5*d - 85 = -3*f, -5*f - 4*d + 95 = -5*d. Let l be f*(6 - 5) - 2. What is the highest common divisor of l and 3?
3
Let c = 358 + -358. Suppose c = -507*r + 498*r + 324. Calculate the highest common factor of 594 and r.
18
Let o = 272 + -80. Suppose 336 = 3*k + 4*k. Calculate the highest common divisor of k and o.
48
Suppose 6 = -i + 5*j, j + 1 = i - 1. Suppose 5*t - 1887 = i*x - 2*x, 3*x = -3*t + 1128. Let p = t + -89. What is the greatest common factor of p and 36?
36
Let a = 35903 + -15679. Calculate the greatest common factor of 16 and a.
16
Suppose 0 = 5*w + 43*r - 41*r - 350, 2*r = -2*w + 134. What is the highest common factor of w and 1536?
24
Suppose 0 = 5*x + 5376 - 296. Let u be (0 - 2) + x/(-4). Suppose -v = -7*v + u. Calculate the greatest common divisor of v and 21.
21
Let t(m) = 82*m**2 - 4*m + 3. Let y be t(2). Suppose -667 - 993 = -115*a + 295. What is the highest common factor of a and y?
17
Let j(h) = h**3 - 3*h**2 - 46*h - 2. Let y be j(-5). Let v be 1500/36 + 1/3. Calculate the greatest common factor of v and y.
14
Let p be -9*-3*(1 + 0/3). Calculate the greatest common divisor of p and 423.
9
Let m = -5293 + 5381. What is the greatest common divisor of m and 1276?
44
Suppose 3*z + p = 5*z - 20, 3*z + 3*p - 12 = 0. Suppose -z*r = -4*r - 2496. What is the greatest common factor of 39 and r?
39
Suppose 0 = 4*s - i - 27591, 0 = 4*s - 13*i + 15*i - 27582. Calculate the greatest common divisor of s and 57.
57
Let x(l) = l**3 - 20*l**2 + 12*l + 46. Let b be x(19). Let v = -71 - b. Calculate the greatest common divisor of v and 176.
16
Let w(x) = -31*x - 1. Let b be w(-1). Suppose -1200 = -3*k + 3*h, -4*h = -3*k - 107 + 1317. Calculate the greatest common divisor of k and b.
30
Suppose 0 = -4*j + 137 - 53. Suppose j*q - 20*q = 45. Let m be 2/(-2)*1*(-315)/q. What is the greatest common factor of m and 63?
7
Suppose 18*z - d - 3877 = 0, 4*z - 9*z = 5*d - 1040. Let c be -17*6*2/(-3). Let i = -25 + c. What is the greatest common divisor of z and i?
43
Let v = -365 + 369. Suppose -27 - 33 = -